se 11?
-1
171 (base 12) to base 13
148
Convert -15 (base 12) to base 11.
-16
-130 (base 4) to base 16
-1c
Convert -21 (base 8) to base 2.
-10001
Convert 17 (base 14) to base 16.
15
2 (base 6) to base 15
2
What is 128 (base 11) in base 9?
177
What is -1 (base 3) in base 10?
-1
What is 5 (base 6) in base 7?
5
Convert b1 (base 14) to base 11.
131
25 (base 10) to base 3
221
Convert 6 (base 16) to base 7.
6
What is -11 (base 3) in base 14?
-4
What is -25 (base 7) in base 8?
-23
Convert 1303 (base 5) to base 10.
203
-2a (base 16) to base 2
-101010
30 (base 16) to base 10
48
3 (base 15) to base 9
3
-2 (base 7) to base 4
-2
Convert 0 (base 15) to base 2.
0
-4 (base 8) to base 10
-4
What is -12 (base 9) in base 13?
-b
-1 (base 6) to base 11
-1
Convert -113 (base 4) to base 15.
-18
Convert 0 (base 16) to base 8.
0
Convert 5 (base 16) to base 5.
10
161 (base 10) to base 12
115
What is 2 (base 11) in base 3?
2
Convert -5 (base 11) to base 14.
-5
Convert 17 (base 12) to base 2.
10011
What is -21 (base 9) in base 8?
-23
Convert 1001000 (base 2) to base 7.
132
100 (base 6) to base 13
2a
3 (base 5) to base 15
3
-60 (base 16) to base 10
-96
What is -4 (base 10) in base 13?
-4
Convert 6 (base 15) to base 10.
6
4 (base 5) to base 4
10
14 (base 7) to base 5
21
What is -2 (base 8) in base 6?
-2
What is 2 (base 8) in base 5?
2
Convert -3 (base 10) to base 7.
-3
What is -11c (base 14) in base 4?
-3132
Convert 1054 (base 6) to base 9.
307
10 (base 12) to base 6
20
1 (base 3) to base 10
1
Convert 2 (base 7) to base 9.
2
Convert -30 (base 11) to base 5.
-113
Convert -100 (base 2) to base 7.
-4
Convert -49 (base 11) to base 15.
-38
Convert -161 (base 9) to base 13.
-a6
Convert 75 (base 8) to base 12.
51
Convert 0 (base 8) to base 3.
0
140 (base 5) to base 13
36
-8 (base 10) to base 7
-11
2 (base 3) to base 7
2
What is -563 (base 7) in base 11?
-244
-4 (base 5) to base 10
-4
What is -25 (base 6) in base 5?
-32
222 (base 6) to base 2
1010110
What is -2101 (base 4) in base 9?
-171
1 (base 13) to base 9
1
-2 (base 6) to base 2
-10
What is 146 (base 12) in base 3?
21100
Convert 41 (base 7) to base 15.
1e
-220 (base 3) to base 6
-40
Convert -10000 (base 2) to base 10.
-16
What is 43 (base 8) in base 7?
50
-1004 (base 5) to base 8
-201
Convert 19 (base 16) to base 8.
31
Convert -3 (base 9) to base 4.
-3
10011101 (base 2) to base 13
c1
Convert -6b (base 14) to base 8.
-137
What is 26 (base 15) in base 5?
121
What is 6 (base 11) in base 9?
6
-4 (base 16) to base 10
-4
What is -4 (base 13) in base 5?
-4
What is -8 (base 16) in base 3?
-22
What is -7 (base 15) in base 12?
-7
7 (base 12) to base 4
13
Convert -1 (base 2) to base 12.
-1
-5 (base 11) to base 2
-101
What is 1000110 (base 2) in base 8?
106
13 (base 6) to base 4
21
What is -110 (base 3) in base 7?
-15
1100 (base 2) to base 6
20
-253 (base 6) to base 11
-96
Convert 10111 (base 3) to base 16.
5e
What is -112 (base 3) in base 7?
-20
What is 5 (base 7) in base 14?
5
Convert -1 (base 9) to base 4.
-1
-22 (base 6) to base 8
-16
What is -1100 (base 2) in base 11?
-11
Convert 1215 (base 6) to base 8.
453
-224 (base 8) to base 13
-b5
Convert -31 (base 9) to base 14.
-20
What is -7 (base 14) in base 12?
-7
-404 (base 6) to base 12
-104
What is 1020 (base 5) in base 2?
10000111
Convert -3 (base 10) to base 6.
-3
Convert 10211 (base 3) to base 2.
1100111
Convert 110 (base 2) to base 4.
12
a (base 14) to base 9
11
What is 19 (base 14) in base 4?
113
What is 1 (base 9) in base 2?
1
11 (base 10) to base 9
12
What is 1 (base 7) in base 12?
1
Convert 26 (base 9) to base 7.
33
What is -110 (base 2) in base 15?
-6
Convert 8 (base 13) to base 12.
8
Convert 18 (base 11) to base 8.
23
3 (base 16) to base 14
3
Convert -165 (base 10) to base 4.
-2211
What is 4b (base 15) in base 2?
1000111
Convert 5 (base 9) to base 13.
5
What is -4 (base 10) in base 14?
-4
Convert a6 (base 11) to base 16.
74
Convert 2d (base 14) to base 8.
51
Convert 5 (base 12) to base 10.
5
-12 (base 11) to base 16
-d
What is -101 (base 7) in base 6?
-122
What is 1 (base 8) in base 4?
1
What is 152 (base 8) in base 9?
127
What is 7 (base 11) in base 14?
7
Convert 2200 (base 3) to base 2.
1001000
21 (base 5) to base 9
12
Convert 1 (base 3) to base 9.
1
Convert 1 (base 14) to base 12.
1
90 (base 12) to base 14
7a
What is 0 (base 2) in base 15?
0
Convert 18 (base 13) to base 12.
19
What is 11 (base 5) in base 3?
20
Convert 323 (base 6) to base 2.
1111011
-29 (base 11) to base 8
-37
Convert 1d (base 15) to base 11.
26
5 (base 12) to base 8
5
Convert 1 (base 8) to base 3.
1
Convert -34 (base 5) to base 6.
-31
Convert 20 (base 16) to base 7.
44
Convert -2 (base 16) to base 2.
-10
Convert 7 (base 10) to base 11.
7
-133 (base 7) to base 4
-1021
0 (base 10) to base 16
0
-29 (base 10) to base 8
-35
Convert 38 (base 10) to base 13.
2c
What is -323 (base 5) in base 10?
-88
-3 (base 15) to base 9
-3
What is 34 (base 7) in base 9?
27
Convert -200 (base 4) to base 14.
-24
Convert -4 (base 16) to base 11.
-4
Convert 0 (base 12) to base 8.
0
Convert 3 (base 16) to base 11.
3
Convert -6 (base 10) to base 13.
-6
Convert -22 (base 4) to base 13.
-a
What is -16 (base 7) in base 13?
-10
-3 (base 5) to base 13
-3
-22 (base 4) to base 14
-a
192 (base 14) to base 3
110000
-1 (base 6) to base 16
-1
64 (base 13) to base 14
5c
What is 0 (base 3) in base 5?
0
Convert -3 (base 12) to base 16.
-3
Convert -2 (base 10) to base 16.
-2
Convert 27 (base 10) to base 5.
102
-4 (base 5) to base 6
-4
Convert -1 (base 7) to base 12.
-1
-1001 (base 2) to base 3
-100
What is 28 (base 16) in base 11?
37
-1 (base 4) to base 6
-1
-3 (base 9) to base 11
-3
What is -1201 (base 4) in base 3?
-10121
Convert -1200 (base 5) to base 11.
-14a
0 (base 7) to base 15
0
1121 (base 3) to base 11
3a
-2 (base 4) to base 5
-2
What is -31 (base 10) in base 8?
-37
-24 (base 10) to base 6
-40
-212 (base 7) to base 3
-10222
What is 11 (base 3) in base 16?
4
Convert 23 (base 14) to base 15.
21
Convert -20 (base 4) to base 5.
-13
Convert 1 (base 13) to base 16.
1
-1103 (base 4) to base 5
-313
33 (base 4) to base 7
21
What is -5 (base 13) in base 3?
-12
a (base 12) to base 3
101
What is -10 (base 3) in base 6?
-3
0 (base 5) to base 11
0
84 (base 13) to base 12
90
Convert 0 (base 6) to base 16.
0
Convert 26 (base 8) to base 9.
24
48 (base 14) to base 11
59
Convert 4 (base 7) to base 9.
4
What is 62 (base 9) in base 11?
51
4 (base 10) to base 12
4
Convert 48 (base 9) to base 6.
112
Convert 1000 (base 2) to base 7.
11
-101 (base 6) to base 10
-37
Convert 366 (base 7) to base 5.
1240
8 (base 12) to base 3
22
Convert 213 (base 4) to base 7.
54
What is 1 (base 6) in base 16?
1
-118 (base 9) to base 7
-200
What is 3e (base 15) in base 11?
54
3 (base 16) to base 12
3
-110 (base 2) to base 15
-6
Convert 44 (base 12) to base 8.
64
Convert 34 (base 5) to base 12.
17
What is -110 (base 3) in base 10?
-12
-117 (base 16) to base 2
-100010111
What is 4 (base 11) in base 14?
4
1 (base 14) to base 7
1
Convert 0 (base 9) to base 14.
0
-204 (base 7) to base 11
-93
-21 (base 3) to base 12
-7
What is 100110000 (base 2) in base 15?
154
0 (base 15) to base 4
0
41 (base 13) to base 12
45
What is 5 (base 7) in base 13?
5
10 (base 14) to base 5
24
-35 (base 7) to base 15
-1b
What is -3 (base 14) in base 10?
-3
What is -7 (base 14) in base 4?
-13
0 (base 4) to base 6
0
Convert 142 (base 11) to base 3.
20012
What is 224 (base 5) in base 11?
59
Convert 301 (base 5) to base 13.
5b
20 (base 5) to base 15
a
What is 1 (base 12) in base 9?
1
What is 20 (base 7) in base 11?
13
Convert -2a (base 13) to base 5.
-121
Convert 33 (base 14) to base 6.
113
Convert 1010 (base 2) to base 5.
20
What is -1 (base 10) in base 7?
-1
7 (base 11) to base 5
12
Convert -5 (base 10) to base 2.
-101
-10111111 (base 2) to base 14
-d9
Convert 102 (base 4) to base 16.
12
Convert -3 (base 6) to base 5.
-3
Convert -1 (base 7) to base 2.
-1
-13 (base 5) to base 7
-11
166 (base 10) to base 4
2212
42 (base 6) to base 15
1b
Convert 321 (base 4) to base 12.
49
-110100 (base 2) to base 11
-48
What is -2 (base 12) in base 9?
-2
Convert -12 (base 5) to base 3.
-21
What is 8 (base 12) in base 14?
8
-10021 (base 3) to base 5
-323
Convert 1 (base 2) to base 3.
1
Convert 1 (base 6) to base 16.
1
What is -120